{"id":25,"date":"2022-03-17T20:53:32","date_gmt":"2022-03-17T19:53:32","guid":{"rendered":"https:\/\/zither-ursula.ch.univers.ch-meta.net\/?page_id=25"},"modified":"2022-03-22T09:22:10","modified_gmt":"2022-03-22T08:22:10","slug":"musizieren","status":"publish","type":"page","link":"https:\/\/www.zither-ursula.ch\/?page_id=25","title":{"rendered":"Musizieren"},"content":{"rendered":"\n<p class=\"has-medium-font-size\"><strong>Musizieren, die beste Altersvorsorge die es gibt!<\/strong><\/p>\n\n\n\n<p>Beim Zither spielen kommen s\u00e4mtliche Bereiche unseres Gehirns zum Einsatz:<br>H\u00f6rsinn, Sehsinn, Tastsinn, Motorik, Rhythmik und Ausdruck.<br>Konzentration, Koordination und Timing sind gefordert und werden dauerhaft trainiert.<br>Willkommener Nebeneffekt:<br>wer immer ein Instrument spielt oder ganz einfach nur unter der Dusche eine Melodie tr\u00e4llert absolviert ein Fitnessprogramm f\u00fcrs Gehirn. Es f\u00f6rdert: Ged\u00e4chtnis, Geschicklichkeit, Ausdauer und Einf\u00fchlungsverm\u00f6gen.<\/p>\n\n\n\n<div class=\"wp-block-columns is-layout-flex wp-container-core-columns-is-layout-9d6595d7 wp-block-columns-is-layout-flex\">\n<div class=\"wp-block-column is-layout-flow wp-block-column-is-layout-flow\">\n<div class=\"wp-block-image\"><figure class=\"aligncenter size-full is-resized\"><img loading=\"lazy\" decoding=\"async\" src=\"https:\/\/zither-ursula.ch.univers.ch-meta.net\/wp-content\/uploads\/2022\/03\/Zither.jpg\" alt=\"\" class=\"wp-image-26\" width=\"237\" height=\"236\" srcset=\"https:\/\/www.zither-ursula.ch\/wp-content\/uploads\/2022\/03\/Zither.jpg 316w, https:\/\/www.zither-ursula.ch\/wp-content\/uploads\/2022\/03\/Zither-300x298.jpg 300w, https:\/\/www.zither-ursula.ch\/wp-content\/uploads\/2022\/03\/Zither-150x150.jpg 150w\" sizes=\"auto, (max-width: 237px) 100vw, 237px\" \/><\/figure><\/div>\n<\/div>\n\n\n\n<div class=\"wp-block-column is-layout-flow wp-block-column-is-layout-flow\">\n<div style=\"height:40px\" aria-hidden=\"true\" class=\"wp-block-spacer\"><\/div>\n\n\n\n<p class=\"has-text-align-center\" style=\"font-size:1em\"><span style=\"color:#498521\" class=\"tadv-color\"><em>\u201cmusizieren h\u00e4lt mich fit und munter<br>und ist ein pers\u00f6nlicher Gewinn\u201c<\/em><\/span><\/p>\n<\/div>\n\n\n\n<div class=\"wp-block-column is-layout-flow wp-block-column-is-layout-flow\">\n<div class=\"wp-block-image\"><figure class=\"aligncenter size-full\"><img loading=\"lazy\" decoding=\"async\" width=\"630\" height=\"480\" src=\"https:\/\/zither-ursula.ch.univers.ch-meta.net\/wp-content\/uploads\/2022\/03\/zither-ursula_2.jpg\" alt=\"\" class=\"wp-image-188\" srcset=\"https:\/\/www.zither-ursula.ch\/wp-content\/uploads\/2022\/03\/zither-ursula_2.jpg 630w, https:\/\/www.zither-ursula.ch\/wp-content\/uploads\/2022\/03\/zither-ursula_2-300x229.jpg 300w\" sizes=\"auto, (max-width: 630px) 100vw, 630px\" \/><\/figure><\/div>\n<\/div>\n<\/div>\n\n\n\n<p class=\"has-medium-font-size\"><strong>Erst im Alter mit Musikunterricht beginnen \u2013 lohnt sich der Einsatz?<\/strong><\/p>\n\n\n\n<p>Es ist nie zu sp\u00e4t mit dem Erlernen eines Instruments zu beginnen oder musikalisch neue Wege zu gehen.<br>Es braucht nur etwas Mut, Zeit und Engagement sich der neuen Herausforderung zu stellen.<br>Musizieren ist Musse und nicht zu verwechseln mit Leistungssport.<br>Wer erlebt wie musizieren eine Tankstelle f\u00fcr K\u00f6rper und Seele ist, viel Freude macht und zu unserem Wohlbefinden beitr\u00e4gt, der m\u00f6chte dieses Hobby nicht mehr missen.<br>Vielleicht ist jetzt gerade der richtige Zeitpunkt ein neues musikalisches Abenteuer zu starten, sich einen alten Wunsch zu erf\u00fcllen?<\/p>\n","protected":false},"excerpt":{"rendered":"<p>Musizieren, die beste Altersvorsorge die es gibt! Beim Zither spielen kommen s\u00e4mtliche Bereiche unseres Gehirns zum Einsatz:H\u00f6rsinn, Sehsinn, Tastsinn, Motorik, Rhythmik und Ausdruck.Konzentration, Koordination und Timing sind gefordert und werden dauerhaft trainiert.Willkommener Nebeneffekt:wer immer ein Instrument spielt oder ganz einfach nur unter der Dusche eine Melodie tr\u00e4llert absolviert ein Fitnessprogramm f\u00fcrs Gehirn. Es f\u00f6rdert: Ged\u00e4chtnis, [&hellip;]<\/p>\n","protected":false},"author":2,"featured_media":0,"parent":0,"menu_order":30,"comment_status":"closed","ping_status":"closed","template":"","meta":{"footnotes":""},"class_list":["post-25","page","type-page","status-publish","hentry"],"_links":{"self":[{"href":"https:\/\/www.zither-ursula.ch\/index.php?rest_route=\/wp\/v2\/pages\/25","targetHints":{"allow":["GET"]}}],"collection":[{"href":"https:\/\/www.zither-ursula.ch\/index.php?rest_route=\/wp\/v2\/pages"}],"about":[{"href":"https:\/\/www.zither-ursula.ch\/index.php?rest_route=\/wp\/v2\/types\/page"}],"author":[{"embeddable":true,"href":"https:\/\/www.zither-ursula.ch\/index.php?rest_route=\/wp\/v2\/users\/2"}],"replies":[{"embeddable":true,"href":"https:\/\/www.zither-ursula.ch\/index.php?rest_route=%2Fwp%2Fv2%2Fcomments&post=25"}],"version-history":[{"count":11,"href":"https:\/\/www.zither-ursula.ch\/index.php?rest_route=\/wp\/v2\/pages\/25\/revisions"}],"predecessor-version":[{"id":242,"href":"https:\/\/www.zither-ursula.ch\/index.php?rest_route=\/wp\/v2\/pages\/25\/revisions\/242"}],"wp:attachment":[{"href":"https:\/\/www.zither-ursula.ch\/index.php?rest_route=%2Fwp%2Fv2%2Fmedia&parent=25"}],"curies":[{"name":"wp","href":"https:\/\/api.w.org\/{rel}","templated":true}]}}