{"id":168,"date":"2022-03-20T10:32:56","date_gmt":"2022-03-20T09:32:56","guid":{"rendered":"https:\/\/zither-ursula.ch.univers.ch-meta.net\/?page_id=168"},"modified":"2023-08-29T23:05:29","modified_gmt":"2023-08-29T21:05:29","slug":"impressum","status":"publish","type":"page","link":"https:\/\/www.zither-ursula.ch\/?page_id=168","title":{"rendered":"Impressum"},"content":{"rendered":"\n<p class=\"has-large-font-size\">Verantwortlich f\u00fcr den Inhalt dieser Website<\/p>\n\n\n\n<p><strong>Ursula von Siebenthal<br>Jungfrauweg 15<br>3177 Laupen<\/strong><\/p>\n\n\n\n<p>Telefon:  031 747 90 30<br>E-Mail:  info@zither-ursula.ch<\/p>\n\n\n\n<p class=\"has-large-font-size\">Haftung<\/p>\n\n\n\n<div class=\"wp-block-columns is-layout-flex wp-container-core-columns-is-layout-9d6595d7 wp-block-columns-is-layout-flex\">\n<div class=\"wp-block-column is-layout-flow wp-block-column-is-layout-flow\">\n<p>Die ver\u00f6ffentlichten Inhalte sind mit aller Sorgfalt auf deren Richtigkeit gepr\u00fcft. Trotzdem kann hinsichtlich der inhaltlichen Richtigkeit, Genauigkeit, Aktualit\u00e4t, Zuverl\u00e4ssigkeit und Vollst\u00e4ndigkeit der vorliegenden Informationsinhalte keine Gew\u00e4hrleistung \u00fcbernommen werden.<\/p>\n\n\n\n<p>Als Inhaltsverantwortliche Ursula von Siebenthal, behalte ich das ausdr\u00fcckliche Recht vor, jederzeit Inhalte ohne Ank\u00fcndigung ganz oder teilweise zu \u00e4ndern, zu l\u00f6schen oder zeitweise nicht zu ver\u00f6ffentlichen.<\/p>\n\n\n\n<p>Haftungsanspr\u00fcche gegen Ursula von Siebenthal oder deren mandatierte Beauftragte, wie Sch\u00e4den materieller oder immaterieller Art, welche aus dem Zugriff oder der Nutzung bzw. Nichtnutzung der ver\u00f6ffentlichten Informationen, durch Missbrauch der Verbindung oder durch technische St\u00f6rungsf\u00e4lle entstanden sind, werden in jeglicher Form ausgeschlossen.<\/p>\n<\/div>\n<\/div>\n\n\n\n<p class=\"has-large-font-size\">Verweise und Links<\/p>\n\n\n\n<div class=\"wp-block-columns is-layout-flex wp-container-core-columns-is-layout-9d6595d7 wp-block-columns-is-layout-flex\">\n<div class=\"wp-block-column is-layout-flow wp-block-column-is-layout-flow\">\n<p>Allf\u00e4llige Verweise oder Verlinkungen auf Webseiten Dritter liegen ausserhalb des Verantwortungsbereichs von Ursula von Siebenthal und deren Beauftragten. Zugriffe und Nutzung Webseiten Dritter erfolgen auf eigene Gefahr des Benutzers oder der Benutzerin. Informationsinhalte, Angebote, Dienstleistungen, usw., von verkn\u00fcpften Webseiten Dritter liegen vollumf\u00e4nglich in der Verantwortung des jeweiligen Dritten. Ursula von Siebenthal und deren mandatierte Beauftragte deklarieren explizit, dass sie keinen Einfluss auf Inhalte, Angebote, usw., der verkn\u00fcpften Seiten haben. F\u00fcr Webseiten Dritter wird jegliche Haftung abgelehnt. <\/p>\n\n\n\n<p class=\"has-large-font-size\">Urheberrechte<\/p>\n\n\n\n<p>S\u00e4mtliche publizierten Fotos befinden sich im Urheberrecht von Ursula von Siebenthal. Bei Interesse an einem Foto, ist die schriftliche Zustimmung bei Ursula von Siebenthal einzuholen. Erw\u00e4hnte oder verwendete Firmennamen sind Eigentum der genannten Firmen und unterliegen dem Urheberrecht der aufgef\u00fchrten Firmen.<\/p>\n\n\n\n<p class=\"has-medium-font-size\">Bildnachweise:<\/p>\n\n\n\n<p>Ursula von Siebenthal<\/p>\n<\/div>\n<\/div>\n\n\n\n<p class=\"has-text-align-center has-small-font-size\">(Impressum V1 &#8211; 19.08.2023)<\/p>\n\n\n\n<p><\/p>\n","protected":false},"excerpt":{"rendered":"<p>Verantwortlich f\u00fcr den Inhalt dieser Website Ursula von SiebenthalJungfrauweg 153177 Laupen Telefon: 031 747 90 30E-Mail: info@zither-ursula.ch Haftung Die ver\u00f6ffentlichten Inhalte sind mit aller Sorgfalt auf deren Richtigkeit gepr\u00fcft. Trotzdem kann hinsichtlich der inhaltlichen Richtigkeit, Genauigkeit, Aktualit\u00e4t, Zuverl\u00e4ssigkeit und Vollst\u00e4ndigkeit der vorliegenden Informationsinhalte keine Gew\u00e4hrleistung \u00fcbernommen werden. Als Inhaltsverantwortliche Ursula von Siebenthal, behalte ich das [&hellip;]<\/p>\n","protected":false},"author":2,"featured_media":0,"parent":0,"menu_order":80,"comment_status":"closed","ping_status":"closed","template":"","meta":{"footnotes":""},"class_list":["post-168","page","type-page","status-publish","hentry"],"_links":{"self":[{"href":"https:\/\/www.zither-ursula.ch\/index.php?rest_route=\/wp\/v2\/pages\/168","targetHints":{"allow":["GET"]}}],"collection":[{"href":"https:\/\/www.zither-ursula.ch\/index.php?rest_route=\/wp\/v2\/pages"}],"about":[{"href":"https:\/\/www.zither-ursula.ch\/index.php?rest_route=\/wp\/v2\/types\/page"}],"author":[{"embeddable":true,"href":"https:\/\/www.zither-ursula.ch\/index.php?rest_route=\/wp\/v2\/users\/2"}],"replies":[{"embeddable":true,"href":"https:\/\/www.zither-ursula.ch\/index.php?rest_route=%2Fwp%2Fv2%2Fcomments&post=168"}],"version-history":[{"count":9,"href":"https:\/\/www.zither-ursula.ch\/index.php?rest_route=\/wp\/v2\/pages\/168\/revisions"}],"predecessor-version":[{"id":280,"href":"https:\/\/www.zither-ursula.ch\/index.php?rest_route=\/wp\/v2\/pages\/168\/revisions\/280"}],"wp:attachment":[{"href":"https:\/\/www.zither-ursula.ch\/index.php?rest_route=%2Fwp%2Fv2%2Fmedia&parent=168"}],"curies":[{"name":"wp","href":"https:\/\/api.w.org\/{rel}","templated":true}]}}